e g = 30*a + 26*a. Calculate the remainder when 31 is divided by a.
1
Suppose 2*b - 74 + 3 - 7 = 0. What is the remainder when 1831 is divided by b?
37
Suppose 2*x - 224 = -32. Suppose -627*b = -582*b - 1395. What is the remainder when x is divided by b?
3
Let l be (-328)/8 - (-4)/2. Let p be 6/l + (-1822)/(-13). Calculate the remainder when (44/(-55))/((-2)/p) is divided by 12.
8
Suppose 2*w - 125 = 2*z + 1121, -2480 = -4*w + z. What is the remainder when w is divided by 78?
73
Suppose 3*l - 63 = -3*r, -7*l - 4*r + 123 = -0*r. What is the remainder when 1003 is divided by l?
2
Suppose -75 = 9*t - 12*t + 3*f, 5*t + 2*f = 132. What is the remainder when 10476 is divided by t?
24
Let b = 2922 - 2072. What is the remainder when 855 is divided by b?
5
Let r = 87 + -89. Suppose -5*x - 74 = -4*u, -3*u + u - 3*x + 26 = 0. What is the remainder when 61 is divided by (124/u)/(r/(-8))?
30
Suppose 26*k - 1270 = -490. Calculate the remainder when 896 is divided by k.
26
Suppose 2285*v - 2273*v - 1068 = 0. What is the remainder when v is divided by 30?
29
Suppose -6099*o - 16506 = -6120*o. What is the remainder when o is divided by 18?
12
Suppose -7*k = -2*k. Suppose k*i = -18*i - 630. Let d = 56 + i. Calculate the remainder when 101 is divided by d.
17
Suppose -5*t = f - 114, 0*t + 4*t - 198 = -2*f. Let w(g) = 47*g - 204. Calculate the remainder when f is divided by w(5).
27
Suppose -3660 = -3*z - 3*u, z + 544 - 1770 = 5*u. What is the remainder when 2467 is divided by z?
25
Let l be (-2)/(-6) + ((-3100)/12)/(-5). Suppose 15 + l = 4*s - 3*d, 0 = 5*s + 4*d - 76. Calculate the remainder when 94 is divided by s.
14
Let z = -38273 - -38308. Calculate the remainder when 1709 is divided by z.
29
Suppose 56 = 2*a + k - 0, 2*k - 84 = -3*a. Calculate the remainder when 29 is divided by a.
1
Suppose 0 = -130*g + 124*g + 18. Let r(c) = c + 2*c**2 + 7*c**2 - 6*c**2. Calculate the remainder when g is divided by r(-1).
1
Suppose 12*o - 3444 - 4692 = 0. Suppose 9*j = o - 12. What is the remainder when j is divided by 11?
8
Suppose 5*q + 107 = 2*z, 19*z = 20*z + 2*q - 58. What is the remainder when 790 is divided by z?
6
Let d(g) = g**2 - 3*g - 4. Suppose 5*i - 3*q = -2 - 3, -3*i = 4*q - 26. Calculate the remainder when 2 - ((-28)/i + -6) is divided by d(5).
4
Suppose -a - 4 = 0, 3*n - 3*a - 25 = -2*a. Let s(t) = -2*t**2 + 13*t + 18. What is the remainder when 241 is divided by s(n)?
10
Let j(r) = -133*r**2 - 684*r - 7. Let x be (8/(-2))/(2/(-31)). Suppose 5*b - z - 2*z = x, b = -5*z + 18. Calculate the remainder when j(-5) is divided by b.
10
Let q = -8649 + 8671. Calculate the remainder when 41 is divided by q.
19
Let d = -17179 + 17241. Calculate the remainder when 198 is divided by d.
12
Let w(c) = -3*c + 24. Let u be w(7). Suppose -2*x + 0 + 1 = j, 5*x = u*j - 3. Suppose x = 4*o + 45 - 133. What is the remainder when 101 is divided by o?
13
Calculate the remainder when ((-2)/6)/(13/(-273))*(-406162)/(-217) is divided by 168.
166
Let s = -42 + 357. Suppose -4*i - 252 = -4*v, -v = 9*i - 4*i + s. Let y = -30 - i. What is the remainder when 164 is divided by y?
32
Let l be 4/5 - (-3348)/(-135). What is the remainder when 109 is divided by (-4)/((-32)/42)*l/(-9)?
11
Let j(c) = -14*c - 58. Let i be j(-7). Suppose 0 = -i*l + 41*l - 37. What is the remainder when 148 + (0 - 3)*1 is divided by l?
34
Suppose -5*i - 29*n + 24*n = -495, 0 = -4*i + 4*n + 388. Suppose 97*b - 90*b = i. Calculate the remainder when 77 is divided by b.
7
Let l = -23704 - -23735. What is the remainder when 1146 is divided by l?
30
What is the remainder when (-492 + -1)*(22 + -23) is divided by 55?
53
Let w = 15408 + -15339. What is the remainder when 246 is divided by w?
39
Suppose 3*s - 6*s - 30 = -4*u, -2*u = -6. Calculate the remainder when 26/(s - (-64)/10) is divided by 20.
5
Suppose 0 = -4*h + 8, 141*v - 137*v = 4*h + 2092. What is the remainder when v is divided by 175?
0
Let q(l) = -l**2 - l - 5. Let b be q(-4). Let t(y) = -14*y - 96 - 13 + 36. Calculate the remainder when t(b) is divided by 28.
25
Let k(z) = z**2 + 7*z - 212. Calculate the remainder when 172 is divided by k(12).
12
Let f = 315 + -248. Suppose 65*v - f*v = -50. Let c = 13 + -6. Calculate the remainder when v is divided by c.
4
Suppose 4*y = h - 1105 + 3738, y + 5*h - 632 = 0. Let j = 449839 + -449817. What is the remainder when y is divided by j?
19
Let h(c) = -58*c - 841. What is the remainder when h(-33) is divided by 180?
173
Let i(k) = 8*k + 67. Suppose 6 = 3*c, -3*n - 32 = 3*c - 167. Calculate the remainder when n is divided by i(-5).
16
Let k(f) = -f**2 - 21*f - 38. Let t be k(-19). Let v be 24/6 + (3 - t). Suppose 5*q = -0*q, v = b - 3*q. What is the remainder when 46 is divided by b?
4
Suppose 4*c - 123200 = 4*y, -144*c + 140*c - 4*y + 123256 = 0. Calculate the remainder when c is divided by 158.
155
Let t(y) = -3*y**3 + 22*y**2 - 14*y + 39. What is the remainder when t(4) is divided by 100?
43
Calculate the remainder when 155 is divided by (-28)/(-10) + (-516)/(-430).
3
Let n(v) = v**2 - v - 2. Let h be (1*2)/((-2)/3). Let r = -202114 + 202137. What is the remainder when r is divided by n(h)?
3
Let u(v) = v**2 + 4*v + 3. Let d be u(0). Let s(i) = 2*i**2 - 2*i + 10. Calculate the remainder when 175 is divided by s(d).
21
Suppose -h - 9*h = -1560. Calculate the remainder when 170 is divided by ((-57)/12)/((-13)/h).
56
Let o = -141 - -144. Suppose -3*n = -4*u + 408, -o*n = -4*u + n + 412. What is the remainder when u is divided by 35?
29
Suppose 6*b + 2 = 14. Suppose -6 = -b*g - 2. Suppose 2*r - 21 = -q, -g*q + 20 = 2*r - 14. What is the remainder when 19 is divided by q?
6
Let u = -38 + 57. Suppose 113*j - 57*j - 112 = 0. Suppose -q + j*i = 4*i - 47, -4*i = -2*q + 94. What is the remainder when q is divided by u?
9
Suppose -116 = -127*w + 131*w. Let o(s) = 9*s + 310. What is the remainder when o(w) is divided by 6?
1
Let z(n) = -n**2 + 14*n + 7. Let a(w) = w**3 - 29*w**2 - 31*w + 36. Let i be a(30). Calculate the remainder when i/(-15) + 508/20 is divided by z(14).
4
Suppose -z - 2*z - 4*s = 47, -5*z = s + 101. Let d = 65 + z. What is the remainder when d is divided by 33?
11
Let y = 266 - 254. Suppose -212 = -16*c + y*c. What is the remainder when c is divided by 29?
24
Suppose -39*q + 597 = 168. What is the remainder when 3582 is divided by q?
7
Let h be (135/10)/(-9)*-4. Let u(n) = -h*n**2 + 6*n - 7*n + 5*n**2 + 17. What is the remainder when 33 is divided by u(0)?
16
Calculate the remainder when (336013 + 23)/41 - -1*3 is divided by 41.
40
Let q = -58 - -83. Let w be (288/(-168))/(3/(-14)). Let g(t) = -2*t + 88. What is the remainder when g(w) is divided by q?
22
Suppose 2*q - 9*q - 399 = 0. What is the remainder when 68 is divided by 200/15*(-5 - q/6)?
8
Let z(t) = 85*t + 618. Let k = 30 - 18. Calculate the remainder when z(-7) is divided by k.
11
Let b = -3031 + 3130. What is the remainder when 987 is divided by b?
96
Let s = 3719 - 3710. Calculate the remainder when 265 is divided by s.
4
Let l be 18/63 + (-130)/(-35). Suppose 438 = 3*z + l*u, -88 = -2*z - 4*u + 208. What is the remainder when z is divided by 8?
6
Let d be (3 + 11)*30/12. Let i = d - 32. Suppose 1 + 4 = 3*u + 2*t, -3*t = -i*u. What is the remainder when 1 is divided by u?
0
Suppose 208*l - 104105 = 2183. Calculate the remainder when l is divided by 102.
1
Let m(w) = w**3 + 9*w**2 + 4*w - 14. Let v = -15 + 9. Let u(l) = -10*l + 34. Calculate the remainder when m(v) is divided by u(1).
22
Let a be (-28)/(-35) + 32/10. Suppose a*b - 102 - 6 = 0. Suppose 7*d = 2*d - 4*o + 386, 3 = -3*o. What is the remainder when d is divided by b?
24
Let j = -47480 - -47729. What is the remainder when j is divided by 0 - -64 - 1 - 0?
60
Suppose 24*l + k = 20*l + 415, -4 = 4*k. Calculate the remainder when 484 is divided by l.
68
Suppose -5*k = w - 42, -2*k + 7*w = 9*w - 20. Let l(r) be the first derivative of r**3/3 - 2*r**2 - 25*r + 1. Calculate the remainder when l(k) is divided by 5.
2
Let b(d) = 179*d + 180. What is the remainder when b(3) is divided by 122?
107
Let r be (-2 - 0)/(1/(-4)). Let d = r - -5. Let k(g) = g**3 + 15*g**2 - 99*g + 54. What is the remainder when k(-20) is divided by d?
8
What is the remainder when (1176534/4010)/(3/5) is divided by